{"id":262,"date":"2015-12-08T23:49:23","date_gmt":"2015-12-08T22:49:23","guid":{"rendered":"http:\/\/www.leperchay.fr\/?page_id=262"},"modified":"2025-09-25T10:56:24","modified_gmt":"2025-09-25T08:56:24","slug":"les-employes-communaux","status":"publish","type":"page","link":"https:\/\/leperchay.fr\/index.php\/les-employes-communaux\/","title":{"rendered":"Les employ\u00e9s communaux"},"content":{"rendered":"<p>Voici l\u2019\u00e9quipe des employ\u00e9s communaux qui facilite notre vie au quotidien au Perchay :<\/p>\n<p><strong>Caroline Robert<\/strong>, employ\u00e9e depuis 2020, est en charge du secr\u00e9tariat \u00e0 la Mairie du Perchay.<\/p>\n<p><strong>Nathalie Sevieri<\/strong> employ\u00e9e depuis 2015 pour la prise en charge de la cantine des \u00e9l\u00e8ves scolaris\u00e9s au Perchay et de l\u2019entretien de l\u2019Ecole primaire et de la mairie.<\/p>\n<p><strong>Lionel Moreau<\/strong>, employ\u00e9 depuis 1990 est en charge de l\u2019entretien des rues et espaces verts de la commune.<\/p>\n","protected":false},"excerpt":{"rendered":"<p>Voici l\u2019\u00e9quipe des employ\u00e9s communaux qui facilite notre vie au quotidien au Perchay : Caroline Robert, employ\u00e9e depuis 2020, est en charge du secr\u00e9tariat \u00e0 la Mairie du Perchay. Nathalie Sevieri employ\u00e9e depuis 2015&#46;&#46;&#46;<\/p>\n","protected":false},"author":2,"featured_media":0,"parent":0,"menu_order":0,"comment_status":"closed","ping_status":"closed","template":"","meta":{"footnotes":""},"class_list":["post-262","page","type-page","status-publish","hentry"],"_links":{"self":[{"href":"https:\/\/leperchay.fr\/index.php\/wp-json\/wp\/v2\/pages\/262","targetHints":{"allow":["GET"]}}],"collection":[{"href":"https:\/\/leperchay.fr\/index.php\/wp-json\/wp\/v2\/pages"}],"about":[{"href":"https:\/\/leperchay.fr\/index.php\/wp-json\/wp\/v2\/types\/page"}],"author":[{"embeddable":true,"href":"https:\/\/leperchay.fr\/index.php\/wp-json\/wp\/v2\/users\/2"}],"replies":[{"embeddable":true,"href":"https:\/\/leperchay.fr\/index.php\/wp-json\/wp\/v2\/comments?post=262"}],"version-history":[{"count":1,"href":"https:\/\/leperchay.fr\/index.php\/wp-json\/wp\/v2\/pages\/262\/revisions"}],"predecessor-version":[{"id":2188,"href":"https:\/\/leperchay.fr\/index.php\/wp-json\/wp\/v2\/pages\/262\/revisions\/2188"}],"wp:attachment":[{"href":"https:\/\/leperchay.fr\/index.php\/wp-json\/wp\/v2\/media?parent=262"}],"curies":[{"name":"wp","href":"https:\/\/api.w.org\/{rel}","templated":true}]}}

Les employés communaux

<p>Voici l’équipe des employés communaux qui facilite notre vie au quotidien au Perchay :</p>
<p><strong>Caroline Robert</strong>, employée depuis 2020, est en charge du secrétariat à la Mairie du Perchay.</p>
<p><strong>Nathalie Sevieri</strong> employée depuis 2015 pour la prise en charge de la cantine des élèves scolarisés au Perchay et de l’entretien de l’Ecole primaire et de la mairie.</p>
<p><strong>Lionel Moreau</strong>, employé depuis 1990 est en charge de l’entretien des rues et espaces verts de la commune.</p>

<p>Voici l’équipe des employés communaux qui facilite notre vie au quotidien au Perchay : Caroline Robert, employée depuis 2020, est en charge du secrétariat à la Mairie du Perchay. Nathalie Sevieri employée depuis 2015&#46;&#46;&#46;</p>
