{"id":259,"date":"2015-12-08T23:43:03","date_gmt":"2015-12-08T22:43:03","guid":{"rendered":"http:\/\/www.leperchay.fr\/?page_id=259"},"modified":"2015-12-08T23:43:03","modified_gmt":"2015-12-08T22:43:03","slug":"demarches-administratives","status":"publish","type":"page","link":"https:\/\/leperchay.fr\/index.php\/demarches-administratives\/","title":{"rendered":"D\u00e9marches administratives"},"content":{"rendered":"<div id=\"bloc_431\" class=\"bloc_content bloc_type_1\">\n<h2 class=\"\">\u00c9tat civil \/ \u00c9lections\/ Population<\/h2>\n<div class=\"content_bloc_area\">\n<ul>\n<li><a href=\"https:\/\/mdel.mon.service-public.fr\/acte-etat-civil.html\" target=\"_blank\" rel=\"noopener noreferrer\">Demande d\u2019acte de naissance, mariage, d\u00e9c\u00e8s<\/a><\/li>\n<li><a href=\"http:\/\/vosdroits.service-public.fr\/particuliers\/F11991.xhtml\" target=\"_blank\" rel=\"noopener noreferrer\">Demande de livret de famille<\/a><\/li>\n<li><a href=\"https:\/\/mdel.mon.service-public.fr\/inscription-listes-electorales.html\" target=\"_blank\" rel=\"noopener noreferrer\">Inscription sur les listes \u00e9lectorales<\/a><\/li>\n<li><a href=\"https:\/\/mdel.mon.service-public.fr\/recensement-citoyen.html\" target=\"_blank\" rel=\"noopener noreferrer\">Demande de recensement citoyen obligatoire<\/a><\/li>\n<li><a href=\"https:\/\/www.service-public.fr\/particuliers\/vosdroits\/F1341\" target=\"_blank\" rel=\"noopener noreferrer\">Demande de CNI\/ passeport<\/a><\/li>\n<\/ul>\n<div class=\"clear\"><\/div>\n<\/div>\n<\/div>\n<div id=\"bloc_432\" class=\"bloc_content bloc_type_1\">\n<h2 class=\"\">Social \/ Logement<\/h2>\n<div class=\"content_bloc_area\">\n<ul>\n<li><a href=\"http:\/\/vosdroits.service-public.fr\/particuliers\/F1280.xhtml\" target=\"_blank\" rel=\"noopener noreferrer\">Aides sociales au logement<\/a><\/li>\n<\/ul>\n<div class=\"clear\"><\/div>\n<\/div>\n<\/div>\n<div id=\"bloc_434\" class=\"bloc_content bloc_type_1\">\n<h2 class=\"\">Urbanisme<\/h2>\n<p>Les demandes d&#8217;urbanisme peuvent \u00eatre faites en mairie ou en ligne sur le <a href=\"https:\/\/gnau13.operis.fr\/vexincentre\/gnau\/#\/\">Guichet Num\u00e9rique des Autorisations d&#8217;Urbanisme<\/a>. Ce service en ligne permet de d\u00e9poser les dossier sans avoir \u00e0 se d\u00e9placer \u00e0 la mairie, et de suivre les demandes en temps r\u00e9el.<\/p>\n<div class=\"content_bloc_area\">\n<ul>\n<li><a href=\"https:\/\/www.leperchay.fr\/wp-content\/uploads\/2022\/01\/CCVC_urbaFlyer-demat_web.pdf\" target=\"_blank\" rel=\"noopener\">Guichet Num\u00e9rique d&#8217;Autorisation d&#8217;Urbanisme<\/a><\/li>\n<li><a href=\"http:\/\/vosdroits.service-public.fr\/particuliers\/R1970.xhtml\" target=\"_blank\" rel=\"noopener noreferrer\">Certificat d\u2019urbanisme<\/a><\/li>\n<li><a href=\"http:\/\/vosdroits.service-public.fr\/particuliers\/F17578.xhtml\" target=\"_blank\" rel=\"noopener noreferrer\">D\u00e9claration pr\u00e9alable <\/a>\n<ul>\n<li><a href=\"https:\/\/www.leperchay.fr\/wp-content\/uploads\/2023\/02\/Fiche-1-Version-1.1-Modification-de-Facade.pdf\">Modification de facades<\/a><\/li>\n<li><a href=\"https:\/\/www.leperchay.fr\/wp-content\/uploads\/2023\/02\/Fiche-2-Version-1.1-Cloture.pdf\">Cl\u00f4ture<\/a><\/li>\n<li><a href=\"https:\/\/www.leperchay.fr\/wp-content\/uploads\/2023\/02\/Fiche-4-Version-1.1-Piscine.pdf\">Piscine<\/a><\/li>\n<li><a href=\"https:\/\/www.leperchay.fr\/wp-content\/uploads\/2023\/02\/fiche-UDAP-pour-panneaux-solaires-energie-solaire.pdf\">Panneaux solaires<\/a><\/li>\n<li><a href=\"https:\/\/www.leperchay.fr\/wp-content\/uploads\/2023\/02\/Fiche-6-Version-1.1-Coupe-et-abattage-darbres.pdf\">Coupe et abattage d&#8217;arbres<\/a><\/li>\n<li><a href=\"https:\/\/www.leperchay.fr\/wp-content\/uploads\/2023\/02\/Fiche-3-Version-1.1-Nouvelle-construction.pdf\">Nouvelle Construction<\/a><\/li>\n<li><a href=\"https:\/\/www.leperchay.fr\/wp-content\/uploads\/2023\/02\/Fiche-5-Version-1.1-Serre.pdf\">Serre<\/a><\/li>\n<\/ul>\n<\/li>\n<li><a href=\"http:\/\/vosdroits.service-public.fr\/particuliers\/F1986.xhtml\" target=\"_blank\" rel=\"noopener noreferrer\">Permis de construire<\/a><\/li>\n<li><a href=\"http:\/\/vosdroits.service-public.fr\/particuliers\/R21378.xhtml\" target=\"_blank\" rel=\"noopener noreferrer\">Permis d\u2019am\u00e9nager<\/a><\/li>\n<li><a href=\"http:\/\/vosdroits.service-public.fr\/particuliers\/R1980.xhtml\" target=\"_blank\" rel=\"noopener noreferrer\">Permis de d\u00e9molir<\/a><\/li>\n<li>Consulter un cadastre :<a href=\"http:\/\/www.cadastre.gouv.fr\/scpc\/accueil.do\" target=\"_blank\" rel=\"noopener noreferrer\">\u00a0www.cadastre.gouv.fr<\/a><\/li>\n<\/ul>\n<div class=\"clear\"><\/div>\n<\/div>\n<\/div>\n<div id=\"bloc_435\" class=\"bloc_content bloc_type_1\">\n<h2 class=\"\">Solidarit\u00e9<\/h2>\n<div class=\"content_bloc_area\">\n<ul>\n<li><a href=\"http:\/\/www.valdoise.fr\/6947-vous-etes-reconnu-e-travailleur-handicape.htm\" target=\"_blank\" rel=\"noopener noreferrer\">Reconnaissance CDAPH (ex-COTOREP)<\/a><\/li>\n<li><a href=\"http:\/\/www.valdoise.fr\/10930-espace-senior.htm\" target=\"_blank\" rel=\"noopener noreferrer\">T\u00e9l\u00e9-assistance<\/a><\/li>\n<\/ul>\n<div class=\"clear\"><\/div>\n<\/div>\n<\/div>\n<div id=\"bloc_436\" class=\"bloc_content bloc_type_1\">\n<h2 class=\"\">Divers<\/h2>\n<div class=\"content_bloc_area\">\n<ul>\n<li><a href=\"https:\/\/mdel.mon.service-public.fr\/je-change-de-coordonnees.html\" target=\"_blank\" rel=\"noopener noreferrer\">Signaler un changement d\u2019adresse aux principaux organismes (Tr\u00e9sor public, S\u00e9curit\u00e9 sociale, etc.)<\/a><\/li>\n<\/ul>\n<\/div>\n<\/div>\n","protected":false},"excerpt":{"rendered":"<p>\u00c9tat civil \/ \u00c9lections\/ Population Demande d\u2019acte de naissance, mariage, d\u00e9c\u00e8s Demande de livret de famille Inscription sur les listes \u00e9lectorales Demande de recensement citoyen obligatoire Demande de CNI\/ passeport Social \/ Logement Aides&#46;&#46;&#46;<\/p>\n","protected":false},"author":2,"featured_media":0,"parent":0,"menu_order":0,"comment_status":"closed","ping_status":"closed","template":"","meta":{"footnotes":""},"class_list":["post-259","page","type-page","status-publish","hentry"],"_links":{"self":[{"href":"https:\/\/leperchay.fr\/index.php\/wp-json\/wp\/v2\/pages\/259","targetHints":{"allow":["GET"]}}],"collection":[{"href":"https:\/\/leperchay.fr\/index.php\/wp-json\/wp\/v2\/pages"}],"about":[{"href":"https:\/\/leperchay.fr\/index.php\/wp-json\/wp\/v2\/types\/page"}],"author":[{"embeddable":true,"href":"https:\/\/leperchay.fr\/index.php\/wp-json\/wp\/v2\/users\/2"}],"replies":[{"embeddable":true,"href":"https:\/\/leperchay.fr\/index.php\/wp-json\/wp\/v2\/comments?post=259"}],"version-history":[{"count":0,"href":"https:\/\/leperchay.fr\/index.php\/wp-json\/wp\/v2\/pages\/259\/revisions"}],"wp:attachment":[{"href":"https:\/\/leperchay.fr\/index.php\/wp-json\/wp\/v2\/media?parent=259"}],"curies":[{"name":"wp","href":"https:\/\/api.w.org\/{rel}","templated":true}]}}